s -1 + de5?
de4
In base 2, what is -10011010 + 101?
-10010101
In base 14, what is 1 - 23?
-22
In base 6, what is 11 + 2?
13
In base 5, what is -10 + -130?
-140
In base 13, what is -28 + 9?
-1c
In base 10, what is -3 + 753?
750
In base 4, what is 1 - -201?
202
In base 6, what is -4151 + -4?
-4155
In base 15, what is 24 + -1a?
9
In base 9, what is 15 - 38?
-23
In base 8, what is 4 + 1301?
1305
In base 4, what is -1311 + -13?
-1330
In base 3, what is 11 + -21122020?
-21122002
In base 4, what is 12002 + 122?
12130
In base 8, what is 527 - 4?
523
In base 15, what is -4 - 31a?
-31e
In base 10, what is 327 - -5?
332
In base 15, what is -e + -3d?
-4c
In base 5, what is -344 + 24?
-320
In base 12, what is -2b - 9a?
-109
In base 7, what is -4 - -13?
6
In base 16, what is c4 + 1?
c5
In base 3, what is 200210022 + 1?
200210100
In base 14, what is -c97 + 2?
-c95
In base 3, what is -2 + -120?
-122
In base 15, what is 90 + 63?
103
In base 3, what is 121122222 - -12?
121200011
In base 9, what is 17 - 3?
14
In base 6, what is -51 - 12?
-103
In base 3, what is 100 - 1012112?
-1012012
In base 16, what is 0 + 56?
56
In base 11, what is -25a + 0?
-25a
In base 13, what is -31 - 10?
-41
In base 11, what is 1 - -3431?
3432
In base 11, what is 28 - 5?
23
In base 15, what is 18 + -1b?
-3
In base 10, what is 3 - 49?
-46
In base 3, what is -11 + -1020?
-1101
In base 9, what is 11283 + -2?
11281
In base 6, what is -14 - 5?
-23
In base 13, what is c810 - 2?
c80b
In base 14, what is -3 + 21?
1c
In base 13, what is -2b + -4b?
-79
In base 10, what is 8 - -7?
15
In base 4, what is -3 + 12?
3
In base 11, what is 181 + -3?
179
In base 11, what is 4 - 26?
-22
In base 10, what is 487 + -4?
483
In base 4, what is 3 - -203331?
210000
In base 2, what is 0 - -1000011?
1000011
In base 11, what is 39 - -148?
186
In base 7, what is -2434 + -11?
-2445
In base 4, what is -13 + -100011?
-100030
In base 12, what is 867a - -4?
8682
In base 5, what is 30243 + 12?
30310
In base 14, what is -2 + -291?
-293
In base 14, what is -4 + -2ba?
-2c0
In base 5, what is 2 - 32?
-30
In base 10, what is 522 - 15?
507
In base 13, what is 2 - 84?
-82
In base 10, what is 5 - -221?
226
In base 16, what is 21c + 1?
21d
In base 6, what is 5530 - -3?
5533
In base 14, what is -7 + -152?
-159
In base 13, what is -39 + -7?
-43
In base 3, what is 0 - 10101?
-10101
In base 10, what is 3 + -219?
-216
In base 12, what is 10 + a4?
b4
In base 10, what is -301 + 4?
-297
In base 7, what is -116 + 11?
-105
In base 5, what is -2 + 41?
34
In base 6, what is -14 + 223?
205
In base 3, what is 100021 + -10?
100011
In base 14, what is -49 - 0?
-49
In base 11, what is 106 - 9?
a8
In base 13, what is 472 - 4?
46b
In base 4, what is -10 + 320?
310
In base 15, what is -d + -2c?
-3a
In base 15, what is 2 + -30?
-2d
In base 9, what is -144 + 11?
-133
In base 15, what is 15d6 - 0?
15d6
In base 10, what is 542 + 5?
547
In base 11, what is 10 - -13?
23
In base 4, what is 3 + -2101?
-2032
In base 7, what is 13 - 116?
-103
In base 6, what is 0 + 10?
10
In base 10, what is -3 - 56?
-59
In base 15, what is -7 - e2?
-e9
In base 2, what is -10101111 - 1011000?
-100000111
In base 15, what is -c - 13?
-20
In base 7, what is 40 - -30?
100
In base 8, what is 10 - 11?
-1
In base 12, what is -152 - -6?
-148
In base 10, what is 59 - 3?
56
In base 10, what is -10 + -3?
-13
In base 13, what is -661 - 0?
-661
In base 9, what is 8 - 132?
-123
In base 11, what is 36 - 0?
36
In base 9, what is -2 + -323?
-325
In base 9, what is 3 - -333?
336
In base 12, what is 332 - 3?
32b
In base 11, what is 5 + -1a46?
-1a41
In base 2, what is 10 - 100000?
-11110
In base 4, what is -220 + -1332?
-2212
In base 10, what is -4 - -585?
581
In base 8, what is -5 - -11377?
11372
In base 13, what is 63 + 26?
89
In base 4, what is -11 - 3?
-20
In base 6, what is 1 + -21011?
-21010
In base 3, what is 21000110 - -12?
21000122
In base 15, what is -1a + -5?
-20
In base 12, what is -1 + -180?
-181
In base 5, what is -324 + 304?
-20
In base 4, what is -10 + 21?
11
In base 7, what is 303 - -10?
313
In base 9, what is 0 - -208?
208
In base 3, what is 1 - 10212?
-10211
In base 12, what is 368 + 3?
36b
In base 4, what is 133 - -2233?
3032
In base 15, what is 4 + 738?
73c
In base 3, what is -2 - -1200?
1121
In base 13, what is -20c - 5?
-214
In base 5, what is 2 + -2413?
-2411
In base 8, what is 71 + 5?
76
In base 5, what is 11 + 4?
20
In base 4, what is 12312 + 0?
12312
In base 11, what is -22628 - -3?
-22625
In base 9, what is -24 + 6?
-17
In base 12, what is 2 - 1b0?
-1aa
In base 8, what is 1 - -5621?
5622
In base 10, what is -550 + 5?
-545
In base 3, what is 2200 + -12?
2111
In base 15, what is 5 + -12?
-c
In base 15, what is 11a8b - 1?
11a8a
In base 3, what is 11 + 102222?
110010
In base 8, what is -231 - -4?
-225
In base 16, what is -6c + -14?
-80
In base 4, what is -22 - -301?
213
In base 3, what is -121 + -1?
-122
In base 14, what is -86 + -7d?
-125
In base 11, what is -1 - -a4?
a3
In base 4, what is -2 + -1101?
-1103
In base 13, what is 2 - 11c?
-11a
In base 8, what is 3 - 23?
-20
In base 10, what is 575 + 14?
589
In base 11, what is -2 - 73?
-75
In base 10, what is 3 + -228?
-225
In base 3, what is -12 + -12101?
-12120
In base 14, what is -122d3 + 2?
-122d1
In base 16, what is -af + -b?
-ba
In base 9, what is 81 + 177?
268
In base 11, what is -102 + 5?
-a8
In base 11, what is -1a14 - 5?
-1a19
In base 3, what is -12 - -101012?
101000
In base 8, what is 2 - -53?
55
In base 6, what is 0 - -31?
31
In base 5, what is -210 + -43?
-303
In base 13, what is -b39 + -4?
-b40
In base 3, what is 2 - 20221?
-20212
In base 15, what is -3 + 957?
954
In base 2, what is 100110 + -1011?
11011
In base 15, what is -2 - 1a?
-1c
In base 15, what is 2c42 + 0?
2c42
In base 9, what is -1 + -102?
-103
In base 5, what is 4 - -341?
400
In base 15, what is -10 - 102?
-112
In base 11, what is -13 + -a?
-22
In base 12, what is 4 + 16?
1a
In base 6, what is -135 - 13?
-152
In base 4, what is -302311 + -2?
-302313
In base 12, what is -5 - 903?
-908
In base 6, what is 210 + 2?
212
In base 5, what is 23 - -13?
41
In base 8, what is -1 - 307?
-310
In base 7, what is -1051 + -3?
-1054
In base 9, what is -3724 + -1?
-3725
In base 4, what is 10 + 32031?
32101
In base 6, what is -55 + -2?
-101
In base 7, what is -55 - 52?
-140
In base 8, what is -141 + 41?
-100
In base 7, what is -2 + -403?
-405
In base 12, what is 315 - -29?
342
In base 7, what is -4 + -6225?
-6232
In base 9, what is -86 + -155?
-252
In base 12, what is 1 + -296?
-295
In base 3, what is 1 + -10110020?
-10110012
In base 3, what is 21 + -101?
-10
In base 2, what is -101001101 + 110?
-101000111
In base 4, what is -1 + -11200?
-11201
In base 9, what is 24 - 127?
-103
In base 10, what is -2 + 358?
356
In base 13, what is -1c - -b?
-11
In base 3, what is 1110220010 - 10?
1110220000
In base 7, what is -6 + -162?
-201
In base 13, what is -549 - 2?
-54b
In base 8, what is 537 + 0?
537
In base 12, what is 564 - 3?
561
In base 8, what is -5 - 13340?
-13345
In base 2, what is -11 - -1111?
1100
In base 6, what is 223 - -4?
231
In base 3, what is 2020 + -2?
2011
In base 16, what is -6 - 1e?
-24
In base 15, what is -5 + -11c2?
-11c7
In base 13, what is 62c2 - -3?
62c5
In base 3, what is 202122 - 10?
202112
In base 10, what is 1 + 3910?
3911
In base 15, what is -ab6 - 6?
-abc
In base 10, what is -5 - -145?
140
In base 14, what is 11 - -8?
19
In base 5, what is 120 + 2?
122
In base 14, what is -1a - -d3?
b7
In base 2, what is -10000111 - 100?
-10001011
In base 16, what is -1 - c7?
-c8
In base 8, what is 2 - 72?
-70
In base 16, what is -10 - 1b8?
-1c8
In base 15, what is -3 + -6?
-9
In base 5, what is -430 + -144?
-1124
In base 8, what is -24 + -3?
-27
In base 11, what is -70 - 3?
-73
In base 15, what is 13 - -20?
33
In base 6, what is 500 + 124?
1024
In base 3, what is -1102 + 202?
-200
In base 15, what is 2 - 21?
-1e
In base 13, what is 9 + -219?
-210
In base 6, what is -5333 - -24?
-5305
In base 2, what is 110 - 110101001?
-110100011
In base 11, what is -141 - -5?
-137
In base 13, what is 3a - a?
30
In base 15, what is 4 + 19a4?
19a8
In base 2, what is 0 - 1001101010?
-1001101010
In base 8, what is 3145 + 0?
3145
In base 11, what is 5 + -133?
-129
In base 9, what i